[INFO] cloning repository https://github.com/bt/rustlib_webapp
[INFO] running `Command { std: "git" "-c" "credential.helper=" "-c" "credential.helper=/workspace/cargo-home/bin/git-credential-null" "clone" "--bare" "https://github.com/bt/rustlib_webapp" "/workspace/cache/git-repos/https%3A%2F%2Fgithub.com%2Fbt%2Frustlib_webapp", kill_on_drop: false }`
[INFO] [stderr] Cloning into bare repository '/workspace/cache/git-repos/https%3A%2F%2Fgithub.com%2Fbt%2Frustlib_webapp'...
[INFO] running `Command { std: "git" "rev-parse" "HEAD", kill_on_drop: false }`
[INFO] [stdout] 9f4b4f4ea8fad71fc042e46996af5142806c1744
[INFO] checking bt/rustlib_webapp against master#e6e4f7ed1589e03bc2f6c5931c1a72e7947e8682 for beta-170-4
[INFO] running `Command { std: "git" "clone" "/workspace/cache/git-repos/https%3A%2F%2Fgithub.com%2Fbt%2Frustlib_webapp" "/workspace/builds/worker-5-tc2/source", kill_on_drop: false }`
[INFO] [stderr] Cloning into '/workspace/builds/worker-5-tc2/source'...
[INFO] [stderr] done.
[INFO] validating manifest of git repo https://github.com/bt/rustlib_webapp on toolchain e6e4f7ed1589e03bc2f6c5931c1a72e7947e8682
[INFO] running `Command { std: CARGO_HOME="/workspace/cargo-home" RUSTUP_HOME="/workspace/rustup-home" "/workspace/cargo-home/bin/cargo" "+e6e4f7ed1589e03bc2f6c5931c1a72e7947e8682" "metadata" "--manifest-path" "Cargo.toml" "--no-deps", kill_on_drop: false }`
[INFO] started tweaking git repo https://github.com/bt/rustlib_webapp
[INFO] finished tweaking git repo https://github.com/bt/rustlib_webapp
[INFO] tweaked toml for git repo https://github.com/bt/rustlib_webapp written to /workspace/builds/worker-5-tc2/source/Cargo.toml
[INFO] crate git repo https://github.com/bt/rustlib_webapp already has a lockfile, it will not be regenerated
[INFO] running `Command { std: CARGO_HOME="/workspace/cargo-home" RUSTUP_HOME="/workspace/rustup-home" "/workspace/cargo-home/bin/cargo" "+e6e4f7ed1589e03bc2f6c5931c1a72e7947e8682" "fetch" "--manifest-path" "Cargo.toml", kill_on_drop: false }`
[INFO] [stderr] warning: file `/workspace/builds/worker-5-tc2/source/examples/simple.rs` found to be present in multiple build targets:
[INFO] [stderr]   * `bin` target `example-simple`
[INFO] [stderr]   * `example` target `simple`
[INFO] running `Command { std: "docker" "create" "-v" "/var/lib/crater-agent-workspace/builds/worker-5-tc2/target:/opt/rustwide/target:rw,Z" "-v" "/var/lib/crater-agent-workspace/builds/worker-5-tc2/source:/opt/rustwide/workdir:ro,Z" "-v" "/var/lib/crater-agent-workspace/cargo-home:/opt/rustwide/cargo-home:ro,Z" "-v" "/var/lib/crater-agent-workspace/rustup-home:/opt/rustwide/rustup-home:ro,Z" "-e" "SOURCE_DIR=/opt/rustwide/workdir" "-e" "CARGO_TARGET_DIR=/opt/rustwide/target" "-e" "CARGO_HOME=/opt/rustwide/cargo-home" "-e" "RUSTUP_HOME=/opt/rustwide/rustup-home" "-w" "/opt/rustwide/workdir" "-m" "1610612736" "--user" "0:0" "--network" "none" "ghcr.io/rust-lang/crates-build-env/linux@sha256:19e73879b68f455e41552ea35293514db52ea292d993f571636dbffedb77a1ee" "/opt/rustwide/cargo-home/bin/cargo" "+e6e4f7ed1589e03bc2f6c5931c1a72e7947e8682" "metadata" "--no-deps" "--format-version=1", kill_on_drop: false }`
[INFO] [stdout] b32fdb788838943a7aee3f8039c0558f9bcd1182839d5a99e079fa91a05bf589
[INFO] running `Command { std: "docker" "start" "-a" "b32fdb788838943a7aee3f8039c0558f9bcd1182839d5a99e079fa91a05bf589", kill_on_drop: false }`
[INFO] running `Command { std: "docker" "inspect" "b32fdb788838943a7aee3f8039c0558f9bcd1182839d5a99e079fa91a05bf589", kill_on_drop: false }`
[INFO] running `Command { std: "docker" "rm" "-f" "b32fdb788838943a7aee3f8039c0558f9bcd1182839d5a99e079fa91a05bf589", kill_on_drop: false }`
[INFO] [stdout] b32fdb788838943a7aee3f8039c0558f9bcd1182839d5a99e079fa91a05bf589
[INFO] running `Command { std: "docker" "create" "-v" "/var/lib/crater-agent-workspace/builds/worker-5-tc2/target:/opt/rustwide/target:rw,Z" "-v" "/var/lib/crater-agent-workspace/builds/worker-5-tc2/source:/opt/rustwide/workdir:ro,Z" "-v" "/var/lib/crater-agent-workspace/cargo-home:/opt/rustwide/cargo-home:ro,Z" "-v" "/var/lib/crater-agent-workspace/rustup-home:/opt/rustwide/rustup-home:ro,Z" "-e" "SOURCE_DIR=/opt/rustwide/workdir" "-e" "CARGO_TARGET_DIR=/opt/rustwide/target" "-e" "CARGO_INCREMENTAL=0" "-e" "RUST_BACKTRACE=full" "-e" "RUSTFLAGS=--cap-lints=forbid" "-e" "RUSTDOCFLAGS=--cap-lints=forbid" "-e" "CARGO_HOME=/opt/rustwide/cargo-home" "-e" "RUSTUP_HOME=/opt/rustwide/rustup-home" "-w" "/opt/rustwide/workdir" "-m" "1610612736" "--user" "0:0" "--network" "none" "ghcr.io/rust-lang/crates-build-env/linux@sha256:19e73879b68f455e41552ea35293514db52ea292d993f571636dbffedb77a1ee" "/opt/rustwide/cargo-home/bin/cargo" "+e6e4f7ed1589e03bc2f6c5931c1a72e7947e8682" "check" "--frozen" "--all" "--all-targets" "--message-format=json", kill_on_drop: false }`
[INFO] [stdout] 88077fe5b196fddded242ae0122e4a1af2e8f62af736315f50c9ff7797dcbb25
[INFO] running `Command { std: "docker" "start" "-a" "88077fe5b196fddded242ae0122e4a1af2e8f62af736315f50c9ff7797dcbb25", kill_on_drop: false }`
[INFO] [stderr] warning: file `/opt/rustwide/workdir/examples/simple.rs` found to be present in multiple build targets:
[INFO] [stderr]   * `bin` target `example-simple`
[INFO] [stderr]   * `example` target `simple`
[INFO] [stderr]    Compiling pkg-config v0.3.8
[INFO] [stderr]    Compiling gcc v0.3.35
[INFO] [stderr]     Checking libc v0.2.16
[INFO] [stderr]    Compiling winapi-build v0.1.1
[INFO] [stderr]     Checking matches v0.1.2
[INFO] [stderr]    Compiling semver v0.1.20
[INFO] [stderr]     Checking winapi v0.2.8
[INFO] [stderr]     Checking lazy_static v0.2.1
[INFO] [stderr]     Checking traitobject v0.0.3
[INFO] [stderr]     Checking log v0.3.6
[INFO] [stderr]     Checking unicode-normalization v0.1.2
[INFO] [stderr]     Checking rustc-serialize v0.3.19
[INFO] [stderr]     Checking typeable v0.1.2
[INFO] [stderr]     Checking traitobject v0.0.1
[INFO] [stderr]     Checking httparse v1.1.2
[INFO] [stderr]     Checking language-tags v0.2.2
[INFO] [stderr]     Checking hpack v0.2.0
[INFO] [stderr]     Checking unicode-bidi v0.2.3
[INFO] [stderr]     Checking mime v0.2.2
[INFO] [stderr]     Checking lazy_static v0.1.16
[INFO] [stderr]     Checking modifier v0.1.0
[INFO] [stderr]     Checking sequence_trie v0.0.13
[INFO] [stderr]     Checking unsafe-any v0.4.1
[INFO] [stdout] error[E0642]: patterns aren't allowed in functions without bodies
[INFO] [stdout]    --> /opt/rustwide/cargo-home/registry/src/index.crates.io-6f17d22bba15001f/rustc-serialize-0.3.19/src/serialize.rs:147:45
[INFO] [stdout]     |
[INFO] [stdout] 147 | ...                   &f_name: &str,
[INFO] [stdout]     |                       ^^^^^^^ pattern not allowed in function without body
[INFO] [stdout] 
[INFO] [stdout] 
[INFO] [stderr]     Checking error v0.1.9
[INFO] [stderr]     Checking route-recognizer v0.1.11
[INFO] [stderr]    Compiling stainless v0.1.7
[INFO] [stderr]     Checking typemap v0.3.3
[INFO] [stdout] error[E0557]: feature has been removed
[INFO] [stdout]  --> /opt/rustwide/cargo-home/registry/src/index.crates.io-6f17d22bba15001f/stainless-0.1.7/src/lib.rs:7:12
[INFO] [stdout]   |
[INFO] [stdout] 7 | #![feature(plugin_registrar, quote, rustc_private)]
[INFO] [stdout]   |            ^^^^^^^^^^^^^^^^ feature has been removed
[INFO] [stdout]   |
[INFO] [stdout]   = note: a __rustc_plugin_registrar symbol must now be defined instead
[INFO] [stdout] 
[INFO] [stdout] 
[INFO] [stdout] error[E0557]: feature has been removed
[INFO] [stdout]  --> /opt/rustwide/cargo-home/registry/src/index.crates.io-6f17d22bba15001f/stainless-0.1.7/src/lib.rs:7:30
[INFO] [stdout]   |
[INFO] [stdout] 7 | #![feature(plugin_registrar, quote, rustc_private)]
[INFO] [stdout]   |                              ^^^^^ feature has been removed
[INFO] [stdout] 
[INFO] [stdout] 
[INFO] [stdout] error[E0463]: can't find crate for `syntax`
[INFO] [stdout]    --> /opt/rustwide/cargo-home/registry/src/index.crates.io-6f17d22bba15001f/stainless-0.1.7/src/lib.rs:171:1
[INFO] [stdout]     |
[INFO] [stdout] 171 | extern crate syntax;
[INFO] [stdout]     | ^^^^^^^^^^^^^^^^^^^^ can't find crate
[INFO] [stdout] 
[INFO] [stdout] 
[INFO] [stdout] error[E0463]: can't find crate for `rustc_plugin`
[INFO] [stdout]    --> /opt/rustwide/cargo-home/registry/src/index.crates.io-6f17d22bba15001f/stainless-0.1.7/src/lib.rs:172:1
[INFO] [stdout]     |
[INFO] [stdout] 172 | extern crate rustc_plugin;
[INFO] [stdout]     | ^^^^^^^^^^^^^^^^^^^^^^^^^^ can't find crate
[INFO] [stdout]     |
[INFO] [stdout]     = help: maybe you need to install the missing components with: `rustup component add rust-src rustc-dev llvm-tools-preview`
[INFO] [stdout] 
[INFO] [stdout] 
[INFO] [stdout] error: cannot find macro `quote_ty` in this scope
[INFO] [stdout]    --> /opt/rustwide/cargo-home/registry/src/index.crates.io-6f17d22bba15001f/stainless-0.1.7/src/generate.rs:160:29
[INFO] [stdout]     |
[INFO] [stdout] 160 |                         ty: quote_ty!(cx, &mut ::test::Bencher),
[INFO] [stdout]     |                             ^^^^^^^^
[INFO] [stdout] 
[INFO] [stdout] 
[INFO] [stderr]    Compiling kernel32-sys v0.2.2
[INFO] [stdout] error: cannot find macro `quote_pat` in this scope
[INFO] [stdout]    --> /opt/rustwide/cargo-home/registry/src/index.crates.io-6f17d22bba15001f/stainless-0.1.7/src/generate.rs:161:30
[INFO] [stdout]     |
[INFO] [stdout] 161 |                         pat: quote_pat!(cx, $bench),
[INFO] [stdout]     |                              ^^^^^^^^^
[INFO] [stdout] 
[INFO] [stdout] 
[INFO] [stdout] error: cannot find attribute `plugin_registrar` in this scope
[INFO] [stdout]    --> /opt/rustwide/cargo-home/registry/src/index.crates.io-6f17d22bba15001f/stainless-0.1.7/src/lib.rs:184:3
[INFO] [stdout]     |
[INFO] [stdout] 184 | #[plugin_registrar]
[INFO] [stdout]     |   ^^^^^^^^^^^^^^^^
[INFO] [stdout]     |
[INFO] [stdout]     = note: `plugin_registrar` is in scope, but it is a function, not an attribute
[INFO] [stdout] 
[INFO] [stdout] 
[INFO] [stdout] error: aborting due to 7 previous errors
[INFO] [stdout] 
[INFO] [stdout] 
[INFO] [stdout] Some errors have detailed explanations: E0463, E0557.
[INFO] [stdout] 
[INFO] [stdout] For more information about an error, try `rustc --explain E0463`.
[INFO] [stdout] 
[INFO] [stderr] error: could not compile `stainless` (lib) due to 8 previous errors
[INFO] [stderr] warning: build failed, waiting for other jobs to finish...
[INFO] [stdout] error: aborting due to previous error
[INFO] [stdout] 
[INFO] [stdout] 
[INFO] [stdout] For more information about this error, try `rustc --explain E0642`.
[INFO] [stdout] 
[INFO] [stderr] error: could not compile `rustc-serialize` (lib) due to 2 previous errors; 1 warning emitted
[INFO] running `Command { std: "docker" "inspect" "88077fe5b196fddded242ae0122e4a1af2e8f62af736315f50c9ff7797dcbb25", kill_on_drop: false }`
[INFO] running `Command { std: "docker" "rm" "-f" "88077fe5b196fddded242ae0122e4a1af2e8f62af736315f50c9ff7797dcbb25", kill_on_drop: false }`
[INFO] [stdout] 88077fe5b196fddded242ae0122e4a1af2e8f62af736315f50c9ff7797dcbb25
